[INFO] cloning repository https://github.com/RagibHasin/ruetian-data-expander
[INFO] running `Command { std: "git" "-c" "credential.helper=" "-c" "credential.helper=/workspace/cargo-home/bin/git-credential-null" "clone" "--bare" "https://github.com/RagibHasin/ruetian-data-expander" "/workspace/cache/git-repos/https%3A%2F%2Fgithub.com%2FRagibHasin%2Fruetian-data-expander", kill_on_drop: false }`
[INFO] [stderr] Cloning into bare repository '/workspace/cache/git-repos/https%3A%2F%2Fgithub.com%2FRagibHasin%2Fruetian-data-expander'...
[INFO] running `Command { std: "git" "rev-parse" "HEAD", kill_on_drop: false }`
[INFO] [stdout] 180fc948e5d6f18e45966a6d6bb90e21afadb2e3
[INFO] checking RagibHasin/ruetian-data-expander against master#e6e4f7ed1589e03bc2f6c5931c1a72e7947e8682 for beta-170-4
[INFO] running `Command { std: "git" "clone" "/workspace/cache/git-repos/https%3A%2F%2Fgithub.com%2FRagibHasin%2Fruetian-data-expander" "/workspace/builds/worker-4-tc2/source", kill_on_drop: false }`
[INFO] [stderr] Cloning into '/workspace/builds/worker-4-tc2/source'...
[INFO] [stderr] done.
[INFO] validating manifest of git repo https://github.com/RagibHasin/ruetian-data-expander on toolchain e6e4f7ed1589e03bc2f6c5931c1a72e7947e8682
[INFO] running `Command { std: CARGO_HOME="/workspace/cargo-home" RUSTUP_HOME="/workspace/rustup-home" "/workspace/cargo-home/bin/cargo" "+e6e4f7ed1589e03bc2f6c5931c1a72e7947e8682" "metadata" "--manifest-path" "Cargo.toml" "--no-deps", kill_on_drop: false }`
[INFO] started tweaking git repo https://github.com/RagibHasin/ruetian-data-expander
[INFO] finished tweaking git repo https://github.com/RagibHasin/ruetian-data-expander
[INFO] tweaked toml for git repo https://github.com/RagibHasin/ruetian-data-expander written to /workspace/builds/worker-4-tc2/source/Cargo.toml
[INFO] crate git repo https://github.com/RagibHasin/ruetian-data-expander already has a lockfile, it will not be regenerated
[INFO] running `Command { std: CARGO_HOME="/workspace/cargo-home" RUSTUP_HOME="/workspace/rustup-home" "/workspace/cargo-home/bin/cargo" "+e6e4f7ed1589e03bc2f6c5931c1a72e7947e8682" "fetch" "--manifest-path" "Cargo.toml", kill_on_drop: false }`
[INFO] [stderr] warning: unused manifest key: package.private
[INFO] running `Command { std: "docker" "create" "-v" "/var/lib/crater-agent-workspace/builds/worker-4-tc2/target:/opt/rustwide/target:rw,Z" "-v" "/var/lib/crater-agent-workspace/builds/worker-4-tc2/source:/opt/rustwide/workdir:ro,Z" "-v" "/var/lib/crater-agent-workspace/cargo-home:/opt/rustwide/cargo-home:ro,Z" "-v" "/var/lib/crater-agent-workspace/rustup-home:/opt/rustwide/rustup-home:ro,Z" "-e" "SOURCE_DIR=/opt/rustwide/workdir" "-e" "CARGO_TARGET_DIR=/opt/rustwide/target" "-e" "CARGO_HOME=/opt/rustwide/cargo-home" "-e" "RUSTUP_HOME=/opt/rustwide/rustup-home" "-w" "/opt/rustwide/workdir" "-m" "1610612736" "--user" "0:0" "--network" "none" "ghcr.io/rust-lang/crates-build-env/linux@sha256:19e73879b68f455e41552ea35293514db52ea292d993f571636dbffedb77a1ee" "/opt/rustwide/cargo-home/bin/cargo" "+e6e4f7ed1589e03bc2f6c5931c1a72e7947e8682" "metadata" "--no-deps" "--format-version=1", kill_on_drop: false }`
[INFO] [stdout] 5c564762770e7a62f873130205556be1fb43e0a15f4af52fd582c909c71a083d
[INFO] running `Command { std: "docker" "start" "-a" "5c564762770e7a62f873130205556be1fb43e0a15f4af52fd582c909c71a083d", kill_on_drop: false }`
[INFO] running `Command { std: "docker" "inspect" "5c564762770e7a62f873130205556be1fb43e0a15f4af52fd582c909c71a083d", kill_on_drop: false }`
[INFO] running `Command { std: "docker" "rm" "-f" "5c564762770e7a62f873130205556be1fb43e0a15f4af52fd582c909c71a083d", kill_on_drop: false }`
[INFO] [stdout] 5c564762770e7a62f873130205556be1fb43e0a15f4af52fd582c909c71a083d
[INFO] running `Command { std: "docker" "create" "-v" "/var/lib/crater-agent-workspace/builds/worker-4-tc2/target:/opt/rustwide/target:rw,Z" "-v" "/var/lib/crater-agent-workspace/builds/worker-4-tc2/source:/opt/rustwide/workdir:ro,Z" "-v" "/var/lib/crater-agent-workspace/cargo-home:/opt/rustwide/cargo-home:ro,Z" "-v" "/var/lib/crater-agent-workspace/rustup-home:/opt/rustwide/rustup-home:ro,Z" "-e" "SOURCE_DIR=/opt/rustwide/workdir" "-e" "CARGO_TARGET_DIR=/opt/rustwide/target" "-e" "CARGO_INCREMENTAL=0" "-e" "RUST_BACKTRACE=full" "-e" "RUSTFLAGS=--cap-lints=forbid" "-e" "RUSTDOCFLAGS=--cap-lints=forbid" "-e" "CARGO_HOME=/opt/rustwide/cargo-home" "-e" "RUSTUP_HOME=/opt/rustwide/rustup-home" "-w" "/opt/rustwide/workdir" "-m" "1610612736" "--user" "0:0" "--network" "none" "ghcr.io/rust-lang/crates-build-env/linux@sha256:19e73879b68f455e41552ea35293514db52ea292d993f571636dbffedb77a1ee" "/opt/rustwide/cargo-home/bin/cargo" "+e6e4f7ed1589e03bc2f6c5931c1a72e7947e8682" "check" "--frozen" "--all" "--all-targets" "--message-format=json", kill_on_drop: false }`
[INFO] [stdout] 65a4fe7a113edc47c815a1418c9f5221bc5ebea5d7da19b06ec5b501d160442c
[INFO] running `Command { std: "docker" "start" "-a" "65a4fe7a113edc47c815a1418c9f5221bc5ebea5d7da19b06ec5b501d160442c", kill_on_drop: false }`
[INFO] [stderr] warning: unused manifest key: package.private
[INFO] [stderr]    Compiling proc-macro2 v1.0.9
[INFO] [stderr]    Compiling unicode-xid v0.2.0
[INFO] [stderr]    Compiling syn v1.0.16
[INFO] [stderr]    Compiling serde v1.0.104
[INFO] [stderr]    Compiling autocfg v1.0.0
[INFO] [stderr]    Compiling proc-macro2 v0.4.30
[INFO] [stderr]    Compiling memchr v2.3.3
[INFO] [stderr]    Compiling unicode-xid v0.1.0
[INFO] [stderr]    Compiling syn v0.15.44
[INFO] [stderr]    Compiling libc v0.2.67
[INFO] [stderr]    Compiling ryu v1.0.2
[INFO] [stderr]     Checking regex-syntax v0.6.14
[INFO] [stderr]     Checking linked-hash-map v0.5.2
[INFO] [stderr]    Compiling unicode-segmentation v1.6.0
[INFO] [stderr]     Checking itoa v0.4.5
[INFO] [stderr]     Checking thread_local v1.0.1
[INFO] [stderr]     Checking dtoa v0.4.5
[INFO] [stderr]     Checking strum v0.17.1
[INFO] [stderr]     Checking yaml-rust v0.4.3
[INFO] [stderr]    Compiling num-traits v0.2.11
[INFO] [stderr]    Compiling num-integer v0.1.42
[INFO] [stderr]    Compiling heck v0.3.1
[INFO] [stderr]     Checking aho-corasick v0.7.9
[INFO] [stderr]    Compiling quote v0.6.13
[INFO] [stderr]    Compiling quote v1.0.2
[INFO] [stderr]     Checking time v0.1.42
[INFO] [stderr]     Checking regex v1.3.4
[INFO] [stderr]    Compiling derivative v1.0.3
[INFO] [stderr]    Compiling serde_derive v1.0.104
[INFO] [stderr]    Compiling strum_macros v0.17.1
[INFO] [stderr]     Checking serde_json v1.0.48
[INFO] [stderr]     Checking serde_yaml v0.8.11
[INFO] [stderr]     Checking duration_utils v0.1.0 (https://github.com/RagibHasin/duration_utils-rs#180369d4)
[INFO] [stderr]     Checking chrono v0.4.10
[INFO] [stderr]    Compiling toml v0.5.6
[INFO] [stderr]    Compiling proc-macro-crate v0.1.4
[INFO] [stderr]    Compiling num_enum_derive v0.4.2
[INFO] [stderr]     Checking num_enum v0.4.2
[INFO] [stderr]     Checking ruetian-common v0.1.0 (https://github.com/RagibHasin/ruetian-common#c6a09da8)
[INFO] [stderr]     Checking ruetian-data-expander v0.1.0 (/opt/rustwide/workdir)
[INFO] [stdout] warning: the feature `range_is_empty` has been stable since 1.47.0 and no longer requires an attribute to enable
[INFO] [stdout]  --> src/bin/expand.rs:2:12
[INFO] [stdout]   |
[INFO] [stdout] 2 | #![feature(range_is_empty)]
[INFO] [stdout]   |            ^^^^^^^^^^^^^^
[INFO] [stdout]   |
[INFO] [stdout]   = note: `#[warn(stable_features)]` on by default
[INFO] [stdout] 
[INFO] [stdout] 
[INFO] [stdout] warning: the feature `map_first_last` has been stable since 1.66.0 and no longer requires an attribute to enable
[INFO] [stdout]  --> src/bin/expand.rs:3:12
[INFO] [stdout]   |
[INFO] [stdout] 3 | #![feature(map_first_last)]
[INFO] [stdout]   |            ^^^^^^^^^^^^^^
[INFO] [stdout] 
[INFO] [stdout] 
[INFO] [stdout] warning: the feature `range_is_empty` has been stable since 1.47.0 and no longer requires an attribute to enable
[INFO] [stdout]  --> src/bin/expand.rs:2:12
[INFO] [stdout]   |
[INFO] [stdout] 2 | #![feature(range_is_empty)]
[INFO] [stdout]   |            ^^^^^^^^^^^^^^
[INFO] [stdout]   |
[INFO] [stdout]   = note: `#[warn(stable_features)]` on by default
[INFO] [stdout] 
[INFO] [stdout] 
[INFO] [stdout] warning: the feature `map_first_last` has been stable since 1.66.0 and no longer requires an attribute to enable
[INFO] [stdout]  --> src/bin/expand.rs:3:12
[INFO] [stdout]   |
[INFO] [stdout] 3 | #![feature(map_first_last)]
[INFO] [stdout]   |            ^^^^^^^^^^^^^^
[INFO] [stdout] 
[INFO] [stdout] 
[INFO] [stdout] error[E0609]: no field `span` on type `&&ruetian_common::Holiday`
[INFO] [stdout]    --> src/bin/expand.rs:172:57
[INFO] [stdout]     |
[INFO] [stdout] 172 |         .filter(|holiday| first_assigned_date < holiday.span.start())
[INFO] [stdout]     |                                                         ^^^^ unknown field
[INFO] [stdout]     |
[INFO] [stdout]     = note: available fields are: `for`, `start`, `end`
[INFO] [stdout] 
[INFO] [stdout] 
[INFO] [stdout] error[E0609]: no field `span` on type `&&ruetian_common::Holiday`
[INFO] [stdout]    --> src/bin/expand.rs:172:57
[INFO] [stdout]     |
[INFO] [stdout] 172 |         .filter(|holiday| first_assigned_date < holiday.span.start())
[INFO] [stdout]     |                                                         ^^^^ unknown field
[INFO] [stdout]     |
[INFO] [stdout]     = note: available fields are: `for`, `start`, `end`
[INFO] [stdout] 
[INFO] [stdout] 
[INFO] [stdout] error[E0609]: no field `span` on type `&&ruetian_common::Holiday`
[INFO] [stdout]    --> src/bin/expand.rs:215:41
[INFO] [stdout]     |
[INFO] [stdout] 215 |                     if current_holidays.span.contains(date) {
[INFO] [stdout]     |                                         ^^^^ unknown field
[INFO] [stdout]     |
[INFO] [stdout]     = note: available fields are: `for`, `start`, `end`
[INFO] [stdout] 
[INFO] [stdout] 
[INFO] [stdout] error[E0609]: no field `span` on type `&&ruetian_common::Holiday`
[INFO] [stdout]    --> src/bin/expand.rs:215:41
[INFO] [stdout]     |
[INFO] [stdout] 215 |                     if current_holidays.span.contains(date) {
[INFO] [stdout]     |                                         ^^^^ unknown field
[INFO] [stdout]     |
[INFO] [stdout]     = note: available fields are: `for`, `start`, `end`
[INFO] [stdout] 
[INFO] [stdout] 
[INFO] [stdout] error[E0609]: no field `span` on type `&&ruetian_common::Holiday`
[INFO] [stdout]    --> src/bin/expand.rs:216:49
[INFO] [stdout]     |
[INFO] [stdout] 216 |                         date = current_holidays.span.end().succ();
[INFO] [stdout]     |                                                 ^^^^ unknown field
[INFO] [stdout]     |
[INFO] [stdout]     = note: available fields are: `for`, `start`, `end`
[INFO] [stdout] 
[INFO] [stdout] 
[INFO] [stdout] error[E0609]: no field `span` on type `&&ruetian_common::Holiday`
[INFO] [stdout]    --> src/bin/expand.rs:216:49
[INFO] [stdout]     |
[INFO] [stdout] 216 |                         date = current_holidays.span.end().succ();
[INFO] [stdout]     |                                                 ^^^^ unknown field
[INFO] [stdout]     |
[INFO] [stdout]     = note: available fields are: `for`, `start`, `end`
[INFO] [stdout] 
[INFO] [stdout] 
[INFO] [stdout] error[E0609]: no field `span` on type `&&ruetian_common::Holiday`
[INFO] [stdout]    --> src/bin/expand.rs:219:50
[INFO] [stdout]     |
[INFO] [stdout] 219 | ...                   if possible_holidays.span.end() < date {
[INFO] [stdout]     |                                            ^^^^ unknown field
[INFO] [stdout]     |
[INFO] [stdout]     = note: available fields are: `for`, `start`, `end`
[INFO] [stdout] 
[INFO] [stdout] 
[INFO] [stdout] error[E0609]: no field `span` on type `&&ruetian_common::Holiday`
[INFO] [stdout]    --> src/bin/expand.rs:219:50
[INFO] [stdout]     |
[INFO] [stdout] 219 | ...                   if possible_holidays.span.end() < date {
[INFO] [stdout]     |                                            ^^^^ unknown field
[INFO] [stdout]     |
[INFO] [stdout]     = note: available fields are: `for`, `start`, `end`
[INFO] [stdout] 
[INFO] [stdout] 
[INFO] [stdout] error[E0609]: no field `span` on type `&&ruetian_common::Holiday`
[INFO] [stdout]    --> src/bin/expand.rs:227:41
[INFO] [stdout]     |
[INFO] [stdout] 227 |                     if current_holidays.span.end() < date {
[INFO] [stdout]     |                                         ^^^^ unknown field
[INFO] [stdout]     |
[INFO] [stdout]     = note: available fields are: `for`, `start`, `end`
[INFO] [stdout] 
[INFO] [stdout] 
[INFO] [stdout] error[E0609]: no field `span` on type `&&ruetian_common::Holiday`
[INFO] [stdout]    --> src/bin/expand.rs:227:41
[INFO] [stdout]     |
[INFO] [stdout] 227 |                     if current_holidays.span.end() < date {
[INFO] [stdout]     |                                         ^^^^ unknown field
[INFO] [stdout]     |
[INFO] [stdout]     = note: available fields are: `for`, `start`, `end`
[INFO] [stdout] 
[INFO] [stdout] 
[INFO] [stdout] error: aborting due to 5 previous errors; 2 warnings emitted
[INFO] [stdout] 
[INFO] [stdout] 
[INFO] [stdout] For more information about this error, try `rustc --explain E0609`.
[INFO] [stdout] 
[INFO] [stdout] error: aborting due to 5 previous errors; 2 warnings emitted
[INFO] [stdout] 
[INFO] [stdout] 
[INFO] [stdout] For more information about this error, try `rustc --explain E0609`.
[INFO] [stdout] 
[INFO] [stderr] error: could not compile `ruetian-data-expander` (bin "expand" test) due to 6 previous errors; 2 warnings emitted
[INFO] [stderr] warning: build failed, waiting for other jobs to finish...
[INFO] [stderr] error: could not compile `ruetian-data-expander` (bin "expand") due to 6 previous errors; 2 warnings emitted
[INFO] running `Command { std: "docker" "inspect" "65a4fe7a113edc47c815a1418c9f5221bc5ebea5d7da19b06ec5b501d160442c", kill_on_drop: false }`
[INFO] running `Command { std: "docker" "rm" "-f" "65a4fe7a113edc47c815a1418c9f5221bc5ebea5d7da19b06ec5b501d160442c", kill_on_drop: false }`
[INFO] [stdout] 65a4fe7a113edc47c815a1418c9f5221bc5ebea5d7da19b06ec5b501d160442c
